{"id":219,"date":"2023-01-28T17:08:09","date_gmt":"2023-01-28T23:08:09","guid":{"rendered":"https:\/\/pass.bioacyl.com\/wordpress\/?page_id=219"},"modified":"2023-01-28T17:08:10","modified_gmt":"2023-01-28T23:08:10","slug":"informacion-de-entrega","status":"publish","type":"page","link":"https:\/\/pass.bioacyl.com\/wordpress\/informacion-de-entrega\/","title":{"rendered":"Informaci\u00f3n de entrega"},"content":{"rendered":"<h3><span style=\"color: #0000ff;\">Entrega a domicilio en la GAM mediante Correos de Costa Rica, para pedidos de un m\u00ednimo de 2 unidades y hasta un 1kg de peso.<\/span><\/h3>\n<p><span style=\"font-size: 14px;\">Las tarifas de entrega son netas y est\u00e1n sujetas a variaciones seg\u00fan cambios que sean dictados por el transportista<\/span><\/p>\n","protected":false},"excerpt":{"rendered":"<p>Entrega a domicilio en la GAM mediante Correos de Costa Rica, para pedidos de un m\u00ednimo de 2 unidades y hasta un 1kg de peso. Las tarifas de entrega son netas y est\u00e1n sujetas a variaciones seg\u00fan cambios que sean dictados por el transportista<\/p>\n","protected":false},"author":1,"featured_media":0,"parent":0,"menu_order":0,"comment_status":"closed","ping_status":"closed","template":"","meta":{"footnotes":""},"class_list":["post-219","page","type-page","status-publish","hentry"],"_links":{"self":[{"href":"https:\/\/pass.bioacyl.com\/wordpress\/wp-json\/wp\/v2\/pages\/219","targetHints":{"allow":["GET"]}}],"collection":[{"href":"https:\/\/pass.bioacyl.com\/wordpress\/wp-json\/wp\/v2\/pages"}],"about":[{"href":"https:\/\/pass.bioacyl.com\/wordpress\/wp-json\/wp\/v2\/types\/page"}],"author":[{"embeddable":true,"href":"https:\/\/pass.bioacyl.com\/wordpress\/wp-json\/wp\/v2\/users\/1"}],"replies":[{"embeddable":true,"href":"https:\/\/pass.bioacyl.com\/wordpress\/wp-json\/wp\/v2\/comments?post=219"}],"version-history":[{"count":1,"href":"https:\/\/pass.bioacyl.com\/wordpress\/wp-json\/wp\/v2\/pages\/219\/revisions"}],"predecessor-version":[{"id":220,"href":"https:\/\/pass.bioacyl.com\/wordpress\/wp-json\/wp\/v2\/pages\/219\/revisions\/220"}],"wp:attachment":[{"href":"https:\/\/pass.bioacyl.com\/wordpress\/wp-json\/wp\/v2\/media?parent=219"}],"curies":[{"name":"wp","href":"https:\/\/api.w.org\/{rel}","templated":true}]}}